{"id":3,"date":"2009-06-03T21:25:42","date_gmt":"2009-06-03T19:25:42","guid":{"rendered":"http:\/\/www.trabajos-verticales-rodriguez-irastorza.com\/alt\/?page_id=3"},"modified":"2020-04-02T13:00:17","modified_gmt":"2020-04-02T11:00:17","slug":"la-empresa","status":"publish","type":"page","link":"http:\/\/www.trabajos-verticales-rodriguez-irastorza.com\/alt\/","title":{"rendered":"LA EMPRESA"},"content":{"rendered":"<p>Bienvenidos a nuestra web. En Trabajos Verticales Rodr\u00edguez Irastorza llevamos m\u00e1s de 10 a\u00f1os dedic\u00e1ndonos a trabajos verticales (con y sin andamios), a la reforma de pisos y locales, y a la pintura.<\/p>\n<p>Trabajamos en <b>Zaragoza<\/b> y sus alrededores.<\/p>\n<p>Nos dedicamos a la rehabilitaci\u00f3n y pintura de fachadas, patios de luces y medianiles. Sellado de juntas. Colocaci\u00f3n o cambio de canales. Instalaci\u00f3n de sistemas antipalomas. Limpieza de cristales. Impermeabilizaci\u00f3n de cubiertas. Limpieza con agua a presi\u00f3n de ladrillo o piedra. Saneados preventivos de zonas con riesgo de desprendimiento. Realizaci\u00f3n de informe t\u00e9cnicos. Reforma de pisos y locales. Trabajos de pintura en general. Etc.<\/p>\n<p>Al trabajar con y sin andamios nos adaptamos a las necesidades de cada situaci\u00f3n. Pudiendo ofrecer la mejor relaci\u00f3n calidad-precio. <\/p>\n<p>No dude en pedirnos presupuesto.<\/p>\n<h3>Contacte con nosotros<br \/>\n976 586 695<br \/>\n<script language=\"javascript\"> var aa = \"rodriguezirastorza\"; var bb = \"gmail.com\"; document.write(\"<a href=\" + \"mail\" + \"to:\" + aa + \"&#64;\" + bb + \" style='text-decoration: none; color=#gray;' >\" + aa + \"&#64;\" + bb + \"<\/a>\" ); <\/script><br \/>\n<\/h3>\n","protected":false},"excerpt":{"rendered":"<p>Bienvenidos a nuestra web. En Trabajos Verticales Rodr\u00edguez Irastorza llevamos m\u00e1s de 10 a\u00f1os dedic\u00e1ndonos a trabajos verticales (con y sin andamios), a la reforma de pisos y locales, y a la pintura. Trabajamos en Zaragoza y sus alrededores. Nos dedicamos a la rehabilitaci\u00f3n y pintura de fachadas, patios de luces y medianiles. Sellado de [&hellip;]<\/p>\n","protected":false},"author":1,"featured_media":0,"parent":0,"menu_order":0,"comment_status":"closed","ping_status":"closed","template":"","meta":{"footnotes":""},"class_list":["post-3","page","type-page","status-publish","hentry"],"_links":{"self":[{"href":"http:\/\/www.trabajos-verticales-rodriguez-irastorza.com\/alt\/index.php?rest_route=\/wp\/v2\/pages\/3","targetHints":{"allow":["GET"]}}],"collection":[{"href":"http:\/\/www.trabajos-verticales-rodriguez-irastorza.com\/alt\/index.php?rest_route=\/wp\/v2\/pages"}],"about":[{"href":"http:\/\/www.trabajos-verticales-rodriguez-irastorza.com\/alt\/index.php?rest_route=\/wp\/v2\/types\/page"}],"author":[{"embeddable":true,"href":"http:\/\/www.trabajos-verticales-rodriguez-irastorza.com\/alt\/index.php?rest_route=\/wp\/v2\/users\/1"}],"replies":[{"embeddable":true,"href":"http:\/\/www.trabajos-verticales-rodriguez-irastorza.com\/alt\/index.php?rest_route=%2Fwp%2Fv2%2Fcomments&post=3"}],"version-history":[{"count":6,"href":"http:\/\/www.trabajos-verticales-rodriguez-irastorza.com\/alt\/index.php?rest_route=\/wp\/v2\/pages\/3\/revisions"}],"predecessor-version":[{"id":29,"href":"http:\/\/www.trabajos-verticales-rodriguez-irastorza.com\/alt\/index.php?rest_route=\/wp\/v2\/pages\/3\/revisions\/29"}],"wp:attachment":[{"href":"http:\/\/www.trabajos-verticales-rodriguez-irastorza.com\/alt\/index.php?rest_route=%2Fwp%2Fv2%2Fmedia&parent=3"}],"curies":[{"name":"wp","href":"https:\/\/api.w.org\/{rel}","templated":true}]}}

<p>Bienvenidos a nuestra web. En Trabajos Verticales Rodríguez Irastorza llevamos más de 10 años dedicándonos a trabajos verticales (con y sin andamios), a la reforma de pisos y locales, y a la pintura.</p>
<p>Trabajamos en <b>Zaragoza</b> y sus alrededores.</p>
<p>Nos dedicamos a la rehabilitación y pintura de fachadas, patios de luces y medianiles. Sellado de juntas. Colocación o cambio de canales. Instalación de sistemas antipalomas. Limpieza de cristales. Impermeabilización de cubiertas. Limpieza con agua a presión de ladrillo o piedra. Saneados preventivos de zonas con riesgo de desprendimiento. Realización de informe técnicos. Reforma de pisos y locales. Trabajos de pintura en general. Etc.</p>
<p>Al trabajar con y sin andamios nos adaptamos a las necesidades de cada situación. Pudiendo ofrecer la mejor relación calidad-precio. </p>
<p>No dude en pedirnos presupuesto.</p>
<h3>Contacte con nosotros<br />
976 586 695<br />
<script language="javascript"> var aa = "rodriguezirastorza"; var bb = "gmail.com"; document.write("<a href=" + "mail" + "to:" + aa + "&#64;" + bb + " style='text-decoration: none; color=#gray;' >" + aa + "&#64;" + bb + "</a>" ); </script><br />
</h3>

<p>Bienvenidos a nuestra web. En Trabajos Verticales Rodríguez Irastorza llevamos más de 10 años dedicándonos a trabajos verticales (con y sin andamios), a la reforma de pisos y locales, y a la pintura. Trabajamos en Zaragoza y sus alrededores. Nos dedicamos a la rehabilitación y pintura de fachadas, patios de luces y medianiles. Sellado de [&hellip;]</p>
